 {"id":13538,"date":"2024-08-21T12:56:55","date_gmt":"2024-08-21T10:56:55","guid":{"rendered":"https:\/\/ciecina.e-przedszkolak.eu\/?page_id=13538"},"modified":"2024-08-21T12:58:15","modified_gmt":"2024-08-21T10:58:15","slug":"ochrona-maloletnich","status":"publish","type":"page","link":"https:\/\/ciecina.e-przedszkolak.eu\/archiwum\/ochrona-maloletnich\/","title":{"rendered":"OCHRONA MA\u0141OLETNICH"},"content":{"rendered":"<h3><strong><br \/>\n<a href=\"https:\/\/ciecina.e-przedszkolak.eu\/archiwum\/wp-content\/uploads\/2024\/08\/ochrona_maloletnich.pdf\">Standardy, regu\u0142y ochrony ma\u0142oletnich przed krzywdzeniem&nbsp;<\/a><\/strong><\/h3>\n<h3><strong>Przedszkole Publiczne w Ci\u0119cinie W\u0119g. G\u00f3rka, ul. \u015aw. Katarzyny. 20B<\/strong><\/h3>\n","protected":false},"excerpt":{"rendered":"<p>Standardy, regu\u0142y ochrony ma\u0142oletnich przed krzywdzeniem&nbsp; Przedszkole Publiczne w Ci\u0119cinie W\u0119g. G\u00f3rka, ul. \u015aw. Katarzyny. 20B<\/p>\n","protected":false},"author":2,"featured_media":0,"parent":0,"menu_order":0,"comment_status":"closed","ping_status":"closed","template":"","meta":{"ngg_post_thumbnail":0,"footnotes":""},"class_list":["post-13538","page","type-page","status-publish","hentry"],"jetpack_sharing_enabled":true,"_links":{"self":[{"href":"https:\/\/ciecina.e-przedszkolak.eu\/archiwum\/wp-json\/wp\/v2\/pages\/13538"}],"collection":[{"href":"https:\/\/ciecina.e-przedszkolak.eu\/archiwum\/wp-json\/wp\/v2\/pages"}],"about":[{"href":"https:\/\/ciecina.e-przedszkolak.eu\/archiwum\/wp-json\/wp\/v2\/types\/page"}],"author":[{"embeddable":true,"href":"https:\/\/ciecina.e-przedszkolak.eu\/archiwum\/wp-json\/wp\/v2\/users\/2"}],"replies":[{"embeddable":true,"href":"https:\/\/ciecina.e-przedszkolak.eu\/archiwum\/wp-json\/wp\/v2\/comments?post=13538"}],"version-history":[{"count":5,"href":"https:\/\/ciecina.e-przedszkolak.eu\/archiwum\/wp-json\/wp\/v2\/pages\/13538\/revisions"}],"predecessor-version":[{"id":13541,"href":"https:\/\/ciecina.e-przedszkolak.eu\/archiwum\/wp-json\/wp\/v2\/pages\/13538\/revisions\/13541"}],"wp:attachment":[{"href":"https:\/\/ciecina.e-przedszkolak.eu\/archiwum\/wp-json\/wp\/v2\/media?parent=13538"}],"curies":[{"name":"wp","href":"https:\/\/api.w.org\/{rel}","templated":true}]}}