 {"id":210,"date":"2016-09-13T00:19:35","date_gmt":"2016-09-12T22:19:35","guid":{"rendered":"http:\/\/ciecina.e-przedszkolak.eu\/?page_id=210"},"modified":"2023-02-09T08:49:22","modified_gmt":"2023-02-09T07:49:22","slug":"kontakt","status":"publish","type":"page","link":"https:\/\/ciecina.e-przedszkolak.eu\/archiwum\/kontakt\/","title":{"rendered":"Kontakt"},"content":{"rendered":"<p align=\"center\"><span style=\"font-size: x-large;\"><b>Adres:<\/b><\/span><\/p>\n<p align=\"center\"><span style=\"font-size: x-large;\">Publiczne Przedszkole w Ci\u0119cinie<\/span><\/p>\n<p align=\"center\"><span style=\"font-size: x-large;\">ul.&nbsp;\u015aw. Katarzyny 20B<\/span><\/p>\n<p align=\"center\"><span style=\"font-size: x-large;\">34-350 W\u0119gierska G\u00f3rka<\/span><\/p>\n<p align=\"center\"><span style=\"font-size: x-large;\"><b>Telefon:<\/b><\/span><\/p>\n<p align=\"center\"><span style=\"color: #000000;\"><span style=\"font-family: Times New Roman,serif;\"><span style=\"font-size: x-large;\">Tel: (33) 864-16-84 <\/span><\/span><\/span><\/p>\n<p align=\"center\"><span style=\"font-family: Times New Roman,serif;\"><span style=\"font-size: x-large;\"><b>e-mail:<\/b><\/span><\/span><\/p>\n<h2 align=\"center\">dyrektor@ciecina.e-przedszkolak.eu&nbsp;<\/h2>\n","protected":false},"excerpt":{"rendered":"<p>Adres: Publiczne Przedszkole w Ci\u0119cinie ul.&nbsp;\u015aw. Katarzyny 20B 34-350 W\u0119gierska G\u00f3rka Telefon: Tel: (33) 864-16-84 e-mail: dyrektor@ciecina.e-przedszkolak.eu&nbsp;<\/p>\n","protected":false},"author":1,"featured_media":0,"parent":0,"menu_order":0,"comment_status":"closed","ping_status":"closed","template":"","meta":{"ngg_post_thumbnail":0,"footnotes":""},"class_list":["post-210","page","type-page","status-publish","hentry"],"jetpack_sharing_enabled":true,"_links":{"self":[{"href":"https:\/\/ciecina.e-przedszkolak.eu\/archiwum\/wp-json\/wp\/v2\/pages\/210"}],"collection":[{"href":"https:\/\/ciecina.e-przedszkolak.eu\/archiwum\/wp-json\/wp\/v2\/pages"}],"about":[{"href":"https:\/\/ciecina.e-przedszkolak.eu\/archiwum\/wp-json\/wp\/v2\/types\/page"}],"author":[{"embeddable":true,"href":"https:\/\/ciecina.e-przedszkolak.eu\/archiwum\/wp-json\/wp\/v2\/users\/1"}],"replies":[{"embeddable":true,"href":"https:\/\/ciecina.e-przedszkolak.eu\/archiwum\/wp-json\/wp\/v2\/comments?post=210"}],"version-history":[{"count":9,"href":"https:\/\/ciecina.e-przedszkolak.eu\/archiwum\/wp-json\/wp\/v2\/pages\/210\/revisions"}],"predecessor-version":[{"id":12962,"href":"https:\/\/ciecina.e-przedszkolak.eu\/archiwum\/wp-json\/wp\/v2\/pages\/210\/revisions\/12962"}],"wp:attachment":[{"href":"https:\/\/ciecina.e-przedszkolak.eu\/archiwum\/wp-json\/wp\/v2\/media?parent=210"}],"curies":[{"name":"wp","href":"https:\/\/api.w.org\/{rel}","templated":true}]}}

<p align="center"><span style="font-size: x-large;"><b>Adres:</b></span></p>
<p align="center"><span style="font-size: x-large;">Publiczne Przedszkole w Cięcinie</span></p>
<p align="center"><span style="font-size: x-large;">ul.&nbsp;Św. Katarzyny 20B</span></p>
<p align="center"><span style="font-size: x-large;">34-350 Węgierska Górka</span></p>
<p align="center"><span style="font-size: x-large;"><b>Telefon:</b></span></p>
<p align="center"><span style="color: #000000;"><span style="font-family: Times New Roman,serif;"><span style="font-size: x-large;">Tel: (33) 864-16-84 </span></span></span></p>
<p align="center"><span style="font-family: Times New Roman,serif;"><span style="font-size: x-large;"><b>e-mail:</b></span></span></p>
<h2 align="center">dyrektor@ciecina.e-przedszkolak.eu&nbsp;</h2>

<p>Adres: Publiczne Przedszkole w Cięcinie ul.&nbsp;Św. Katarzyny 20B 34-350 Węgierska Górka Telefon: Tel: (33) 864-16-84 e-mail: dyrektor@ciecina.e-przedszkolak.eu&nbsp;</p>
