 {"id":2582,"date":"2017-03-05T00:24:16","date_gmt":"2017-03-04T23:24:16","guid":{"rendered":"http:\/\/ciecina.e-przedszkolak.eu\/?page_id=2582"},"modified":"2025-02-18T15:57:08","modified_gmt":"2025-02-18T14:57:08","slug":"rekrutacja","status":"publish","type":"page","link":"https:\/\/ciecina.e-przedszkolak.eu\/archiwum\/rekrutacja\/","title":{"rendered":"Rekrutacja 2025-2026"},"content":{"rendered":"<div class=\"wp-block-image\">\n<div class=\"wp-block-image\">\n<div class=\"wp-block-image\"><a href=\"https:\/\/ciecina.e-przedszkolak.eu\/archiwum\/wp-content\/uploads\/2025\/02\/rekrutacja-rotated.jpg\"><img loading=\"lazy\" decoding=\"async\" class=\"wpa-warning wpa-image-missing-alt aligncenter size-full wp-image-13582\" src=\"https:\/\/ciecina.e-przedszkolak.eu\/archiwum\/wp-content\/uploads\/2025\/02\/rekrutacja-rotated.jpg\" alt=\"\" width=\"1100\" height=\"850\" data-warning=\"Missing alt text\"><\/a><\/div>\n<\/div>\n<\/div>\n<p><strong>Dyrektor przedszkola w Ci\u0119cinie og\u0142asza:<\/strong><\/p>\n<p>Zapisy do przedszkola i oddzia\u0142\u00f3w przedszkolnych&nbsp; na rok szkolny 2025\/2026.<\/p>\n<p><strong>&nbsp;<u>Zapis\u00f3w mo\u017cna dokona\u0107&nbsp; od 03.03.2025 do 14.03.2025<\/u><\/strong><\/p>\n<p>Dzieci obecnie ucz\u0119szczaj\u0105ce do przedszkola i oddzia\u0142\u00f3w przedszkolnych wype\u0142niaj\u0105 deklaracj\u0119 kontynuacji edukacji przedszkolnej w terminie od 03.03.2025 do 14.03.2025 (druki u wychowawc\u00f3w).<\/p>\n<p><strong>Nowe &nbsp;dzieci ( kandydaci)<\/strong> wype\u0142niaj\u0105 wnioski + o\u015bwiadczenia+ klauzule pobrane ze strony internetowej przedszkola lub osobi\u015bcie w przedszkolu. Wnioski przyjmujemy tylko w wersji papierowej!<\/p>\n<p><strong>Nie przyjmujemy wniosk\u00f3w drog\u0105 elektroniczn\u0105.<\/strong><\/p>\n<p><strong>&nbsp;<\/strong>Pobrane wnioski i deklaracje nale\u017cy zwr\u00f3ci\u0107 w wyznaczonym terminie wraz z dokumentami potwierdzaj\u0105cymi spe\u0142nienie przez kandydata warunk\u00f3w lub kryteri\u00f3w branych pod uwag\u0119 w post\u0119powaniu rekrutacyjnym do przedszkola.<\/p>\n<p>Wnioski i deklaracje oddane po terminie&nbsp; lub wype\u0142nione b\u0142\u0119dnie nie b\u0119d\u0105 rozpatrywane przez komisj\u0119&nbsp; rekrutacyjn\u0105.<\/p>\n<p><strong>Pierwsze\u0144stwo w czasie zapis\u00f3w maj\u0105 dzieci zameldowane w Ci\u0119cinie.<\/strong><\/p>\n<p><strong>Kolejno\u015b\u0107 sk\u0142adania wniosk\u00f3w nie ma&nbsp; znaczenia dla komisji rekrutacyjnej.<\/strong><\/p>\n<p>W dalszym etapie rekrutacji nale\u017cy post\u0119powa\u0107&nbsp; zgodnie&nbsp; z&nbsp; terminarzem zawartym w Zarz\u0105dzeniu W\u00f3jta Gminy.<\/p>\n<p>&nbsp;<\/p>\n<p><strong><span style=\"color: #ff0000;\">Dokumenty do pobrania:<\/span><\/strong><\/p>\n<ul>\n<li>\n<h3><strong><a href=\"https:\/\/ciecina.e-przedszkolak.eu\/archiwum\/wp-content\/uploads\/2025\/02\/Zarzadzenie-nr-W.0050.008.2025-rekrutacja.pdf\">Zarz\u0105dzenie W\u00f3jta Gminy W\u0119gierska G\u00f3rka<\/a><\/strong><\/h3>\n<\/li>\n<li>\n<h3><a href=\"https:\/\/ciecina.e-przedszkolak.eu\/archiwum\/wp-content\/uploads\/2025\/02\/deklaracja-o-kontynuowaniu-2025.pdf\">Deklaracja o kontynuowaniu wychowania przedszkolnego<\/a><\/h3>\n<\/li>\n<li>\n<h3><a href=\"https:\/\/ciecina.e-przedszkolak.eu\/archiwum\/wp-content\/uploads\/2025\/02\/wniosek-przyj_przedszkola-2025.pdf\">Wniosek o przyj\u0119cie dziecka do Publicznego Przedszkola w Ci\u0119cinie na rok szkolny 2025\/2026<\/a><\/h3>\n<\/li>\n<\/ul>\n","protected":false},"excerpt":{"rendered":"<p>Dyrektor przedszkola w Ci\u0119cinie og\u0142asza: Zapisy do przedszkola i oddzia\u0142\u00f3w przedszkolnych&nbsp; na rok szkolny 2025\/2026. &nbsp;Zapis\u00f3w mo\u017cna dokona\u0107&nbsp; od 03.03.2025 do 14.03.2025 Dzieci obecnie ucz\u0119szczaj\u0105ce do przedszkola i oddzia\u0142\u00f3w przedszkolnych wype\u0142niaj\u0105 deklaracj\u0119 kontynuacji edukacji przedszkolnej w terminie od 03.03.2025 do 14.03.2025 (druki u wychowawc\u00f3w). Nowe &nbsp;dzieci ( kandydaci) wype\u0142niaj\u0105 wnioski + o\u015bwiadczenia+ klauzule pobrane ze [&hellip;]<\/p>\n","protected":false},"author":2,"featured_media":0,"parent":0,"menu_order":0,"comment_status":"closed","ping_status":"closed","template":"","meta":{"ngg_post_thumbnail":0,"footnotes":""},"class_list":["post-2582","page","type-page","status-publish","hentry"],"jetpack_sharing_enabled":true,"_links":{"self":[{"href":"https:\/\/ciecina.e-przedszkolak.eu\/archiwum\/wp-json\/wp\/v2\/pages\/2582"}],"collection":[{"href":"https:\/\/ciecina.e-przedszkolak.eu\/archiwum\/wp-json\/wp\/v2\/pages"}],"about":[{"href":"https:\/\/ciecina.e-przedszkolak.eu\/archiwum\/wp-json\/wp\/v2\/types\/page"}],"author":[{"embeddable":true,"href":"https:\/\/ciecina.e-przedszkolak.eu\/archiwum\/wp-json\/wp\/v2\/users\/2"}],"replies":[{"embeddable":true,"href":"https:\/\/ciecina.e-przedszkolak.eu\/archiwum\/wp-json\/wp\/v2\/comments?post=2582"}],"version-history":[{"count":29,"href":"https:\/\/ciecina.e-przedszkolak.eu\/archiwum\/wp-json\/wp\/v2\/pages\/2582\/revisions"}],"predecessor-version":[{"id":13592,"href":"https:\/\/ciecina.e-przedszkolak.eu\/archiwum\/wp-json\/wp\/v2\/pages\/2582\/revisions\/13592"}],"wp:attachment":[{"href":"https:\/\/ciecina.e-przedszkolak.eu\/archiwum\/wp-json\/wp\/v2\/media?parent=2582"}],"curies":[{"name":"wp","href":"https:\/\/api.w.org\/{rel}","templated":true}]}}

<div class="wp-block-image">
<div class="wp-block-image">
<div class="wp-block-image"><a href="https://ciecina.e-przedszkolak.eu/archiwum/wp-content/uploads/2025/02/rekrutacja-rotated.jpg"><img loading="lazy" decoding="async" class="wpa-warning wpa-image-missing-alt aligncenter size-full wp-image-13582" src="https://ciecina.e-przedszkolak.eu/archiwum/wp-content/uploads/2025/02/rekrutacja-rotated.jpg" alt="" width="1100" height="850" data-warning="Missing alt text"></a></div>
</div>
</div>
<p><strong>Dyrektor przedszkola w Cięcinie ogłasza:</strong></p>
<p>Zapisy do przedszkola i oddziałów przedszkolnych&nbsp; na rok szkolny 2025/2026.</p>
<p><strong>&nbsp;<u>Zapisów można dokonać&nbsp; od 03.03.2025 do 14.03.2025</u></strong></p>
<p>Dzieci obecnie uczęszczające do przedszkola i oddziałów przedszkolnych wypełniają deklarację kontynuacji edukacji przedszkolnej w terminie od 03.03.2025 do 14.03.2025 (druki u wychowawców).</p>
<p><strong>Nowe &nbsp;dzieci ( kandydaci)</strong> wypełniają wnioski + oświadczenia+ klauzule pobrane ze strony internetowej przedszkola lub osobiście w przedszkolu. Wnioski przyjmujemy tylko w wersji papierowej!</p>
<p><strong>Nie przyjmujemy wniosków drogą elektroniczną.</strong></p>
<p><strong>&nbsp;</strong>Pobrane wnioski i deklaracje należy zwrócić w wyznaczonym terminie wraz z dokumentami potwierdzającymi spełnienie przez kandydata warunków lub kryteriów branych pod uwagę w postępowaniu rekrutacyjnym do przedszkola.</p>
<p>Wnioski i deklaracje oddane po terminie&nbsp; lub wypełnione błędnie nie będą rozpatrywane przez komisję&nbsp; rekrutacyjną.</p>
<p><strong>Pierwszeństwo w czasie zapisów mają dzieci zameldowane w Cięcinie.</strong></p>
<p><strong>Kolejność składania wniosków nie ma&nbsp; znaczenia dla komisji rekrutacyjnej.</strong></p>
<p>W dalszym etapie rekrutacji należy postępować&nbsp; zgodnie&nbsp; z&nbsp; terminarzem zawartym w Zarządzeniu Wójta Gminy.</p>
<p>&nbsp;</p>
<p><strong><span style="color: #ff0000;">Dokumenty do pobrania:</span></strong></p>
<ul>
<li>
<h3><strong><a href="https://ciecina.e-przedszkolak.eu/archiwum/wp-content/uploads/2025/02/Zarzadzenie-nr-W.0050.008.2025-rekrutacja.pdf">Zarządzenie Wójta Gminy Węgierska Górka</a></strong></h3>
</li>
<li>
<h3><a href="https://ciecina.e-przedszkolak.eu/archiwum/wp-content/uploads/2025/02/deklaracja-o-kontynuowaniu-2025.pdf">Deklaracja o kontynuowaniu wychowania przedszkolnego</a></h3>
</li>
<li>
<h3><a href="https://ciecina.e-przedszkolak.eu/archiwum/wp-content/uploads/2025/02/wniosek-przyj_przedszkola-2025.pdf">Wniosek o przyjęcie dziecka do Publicznego Przedszkola w Cięcinie na rok szkolny 2025/2026</a></h3>
</li>
</ul>

<p>Dyrektor przedszkola w Cięcinie ogłasza: Zapisy do przedszkola i oddziałów przedszkolnych&nbsp; na rok szkolny 2025/2026. &nbsp;Zapisów można dokonać&nbsp; od 03.03.2025 do 14.03.2025 Dzieci obecnie uczęszczające do przedszkola i oddziałów przedszkolnych wypełniają deklarację kontynuacji edukacji przedszkolnej w terminie od 03.03.2025 do 14.03.2025 (druki u wychowawców). Nowe &nbsp;dzieci ( kandydaci) wypełniają wnioski + oświadczenia+ klauzule pobrane ze [&hellip;]</p>
